{"id":177,"date":"2015-12-05T00:13:49","date_gmt":"2015-12-04T23:13:49","guid":{"rendered":"http:\/\/www.reves-daten.de.preview02.vtserver.de\/cms\/wordpress\/?page_id=177"},"modified":"2020-01-29T11:24:31","modified_gmt":"2020-01-29T10:24:31","slug":"michael-markfort-programmierungelektronik","status":"publish","type":"page","link":"https:\/\/www.reves-online.de\/cms\/wordpress\/michael-markfort-programmierungelektronik\/","title":{"rendered":"Michael Markfort"},"content":{"rendered":"<p><a href=\"http:\/\/www.reves-daten.de.preview02.vtserver.de\/cms\/wordpress\/wp-content\/uploads\/2015\/12\/team_michael.jpg\" rel=\"attachment wp-att-215\"><img loading=\"lazy\" decoding=\"async\" class=\"size-full wp-image-215 alignleft\" src=\"http:\/\/www.reves-daten.de.preview02.vtserver.de\/cms\/wordpress\/wp-content\/uploads\/2015\/12\/team_michael.jpg\" alt=\"team_michael\" width=\"148\" height=\"200\" srcset=\"https:\/\/www.reves-online.de\/cms\/wordpress\/wp-content\/uploads\/2015\/12\/team_michael.jpg 148w, https:\/\/www.reves-online.de\/cms\/wordpress\/wp-content\/uploads\/2015\/12\/team_michael-100x135.jpg 100w\" sizes=\"auto, (max-width: 148px) 100vw, 148px\" \/><\/a>Aus seiner Feder stammen die derzeitige Versionen der drei ReVeS-Programme Verwaltung &#8211; Meldeprogramm &#8211; Zeitnahme. Au\u00dferdem hat Michael die Verbindungen zwischen den Programmen, sprich Rechnern realisiert und mit selbst entwickelten Modems und \u00dcbertragungsprotokollen der ReVeS-Philosophie Rechnung getragen mit einfachsten Mitteln ein H\u00f6chstma\u00df an Datensicherheit und Geschwindigkeit zu gew\u00e4hrleisten. Dabei profitiert der Kommunikationstechniker sicherlich von seinem Beruf.<\/p>\n<p>Gibt es W\u00fcnsche bei der Programmgestaltung oder Probleme technischer Art ist Michael der richtige Ansprechpartner. Bei vielen Regatten wirkt er als unsichtbarer Geist hinter den Kulissen und sorgt f\u00fcr einen reibungslosen Ablauf.<br \/>\nDie gro\u00dfe Herausforderung ReVeS auf Windows zu portieren hat er angenommen. Seit Ende 2000 arbeitet er an einem Datenbankmodell, welches die Regattaerfahrung der letzten 15 Jahre beinhaltet. Die Regattaverwaltung soll einfacher und vor allem sicherer in Hinsicht auf Einheitlichkeit und Reproduzierbarkeit werden. Gleiche Bedingungen f\u00fcr alle Sportler &#8211; bei allen Regatten &#8211; ist dabei das Zauberwort.<\/p>\n<p>Leicht hat er es sich dabei nicht gemacht. Netzwerkf\u00e4higkeit, Mehrplatzf\u00e4hig, und dennoch einfach und sicher im Handling &#8211; das ist die aktuelle Entwicklung die er in den letzten langen Wintern\u00e4chten programmiert hat. Herausgekommen ist eine Programmplattform die per Mausklick von der Kanalregatta zur Regattasteuerung bei Internationalen Wettk\u00e4mpfen einzusetzen ist. Und in ganz Deutschland gibt es Bediener hierzu!<\/p>\n<p>48282 Emsdetten<br \/>\nLessingstra\u00dfe 5<br \/>\nTelefon: 0 25 72 \/ 9 77 99<br \/>\nE-Mail:<\/p>\n","protected":false},"excerpt":{"rendered":"<p>Aus seiner Feder stammen die derzeitige Versionen der drei ReVeS-Programme Verwaltung &#8211; Meldeprogramm &#8211; Zeitnahme. Au\u00dferdem hat Michael die Verbindungen zwischen den Programmen, sprich Rechnern realisiert und mit selbst entwickelten Modems und \u00dcbertragungsprotokollen der ReVeS-Philosophie Rechnung getragen mit einfachsten Mitteln &hellip;<\/p>\n<p class=\"read-more\"> <a class=\"more-link\" href=\"https:\/\/www.reves-online.de\/cms\/wordpress\/michael-markfort-programmierungelektronik\/\"> <span class=\"screen-reader-text\">Michael Markfort<\/span> Weiterlesen &raquo;<\/a><\/p>\n","protected":false},"author":1,"featured_media":0,"parent":0,"menu_order":0,"comment_status":"closed","ping_status":"closed","template":"full-width-page.php","meta":{"_crdt_document":"","footnotes":""},"class_list":["post-177","page","type-page","status-publish","hentry"],"_links":{"self":[{"href":"https:\/\/www.reves-online.de\/cms\/wordpress\/wp-json\/wp\/v2\/pages\/177","targetHints":{"allow":["GET"]}}],"collection":[{"href":"https:\/\/www.reves-online.de\/cms\/wordpress\/wp-json\/wp\/v2\/pages"}],"about":[{"href":"https:\/\/www.reves-online.de\/cms\/wordpress\/wp-json\/wp\/v2\/types\/page"}],"author":[{"embeddable":true,"href":"https:\/\/www.reves-online.de\/cms\/wordpress\/wp-json\/wp\/v2\/users\/1"}],"replies":[{"embeddable":true,"href":"https:\/\/www.reves-online.de\/cms\/wordpress\/wp-json\/wp\/v2\/comments?post=177"}],"version-history":[{"count":4,"href":"https:\/\/www.reves-online.de\/cms\/wordpress\/wp-json\/wp\/v2\/pages\/177\/revisions"}],"predecessor-version":[{"id":219,"href":"https:\/\/www.reves-online.de\/cms\/wordpress\/wp-json\/wp\/v2\/pages\/177\/revisions\/219"}],"wp:attachment":[{"href":"https:\/\/www.reves-online.de\/cms\/wordpress\/wp-json\/wp\/v2\/media?parent=177"}],"curies":[{"name":"wp","href":"https:\/\/api.w.org\/{rel}","templated":true}]}}