{"id":20,"date":"2015-09-22T12:07:21","date_gmt":"2015-09-22T10:07:21","guid":{"rendered":"http:\/\/www.reves-daten.de.preview02.vtserver.de\/cms\/wordpress\/?page_id=20"},"modified":"2020-01-29T11:24:31","modified_gmt":"2020-01-29T10:24:31","slug":"die-zeitnahme","status":"publish","type":"page","link":"https:\/\/www.reves-online.de\/cms\/wordpress\/die-zeitnahme\/","title":{"rendered":"Zeitnahme"},"content":{"rendered":"<p><strong><a href=\"http:\/\/www.reves-daten.de.preview02.vtserver.de\/cms\/wordpress\/wp-content\/uploads\/2015\/11\/Icon_Zeit.png\" rel=\"attachment wp-att-258\"><img loading=\"lazy\" decoding=\"async\" class=\"alignnone size-full wp-image-258\" src=\"http:\/\/www.reves-daten.de.preview02.vtserver.de\/cms\/wordpress\/wp-content\/uploads\/2015\/11\/Icon_Zeit.png\" alt=\"Icon_Zeit\" width=\"34\" height=\"32\" \/><\/a>ReVeS-Time schafft die Verbindung zwischen verschiedenen Systemen und verteilt die Regattadaten blitzschnell.<\/strong><\/p>\n<p>Erg\u00e4nzend zum ReVeS-RegattaVerwaltungsProgramm gibt es die ReVeS-Zeitnahme. Beide Programme sind aufeinander abgestimmt und erg\u00e4nzen sich. ReVeS-Time kann 20 Rennen mit je 99 Teilnehmern gleichzeitig verarbeiten (wichtig bei Langstreckenrennen). Au\u00dferdem werden die Ergebnisdaten, falls gew\u00fcnscht, gleich an bis zu 3 Stellen auf Drucker (Sprecher\/Jury\/Obmann im Ziel) verteilt. Zus\u00e4tzlich werden die Daten direkt (ohne Eingabe) in den Verwaltungsrechner von ReVeS \u00fcbernommen.<a href=\"http:\/\/www.reves-daten.de.preview02.vtserver.de\/cms\/wordpress\/wp-content\/uploads\/2015\/09\/zeit01.png\" rel=\"attachment wp-att-253\"><img loading=\"lazy\" decoding=\"async\" class=\"size-medium wp-image-253 alignright\" src=\"http:\/\/www.reves-daten.de.preview02.vtserver.de\/cms\/wordpress\/wp-content\/uploads\/2015\/09\/zeit01-300x153.png\" alt=\"zeit01\" width=\"300\" height=\"153\" srcset=\"https:\/\/www.reves-online.de\/cms\/wordpress\/wp-content\/uploads\/2015\/09\/zeit01-300x153.png 300w, https:\/\/www.reves-online.de\/cms\/wordpress\/wp-content\/uploads\/2015\/09\/zeit01-100x51.png 100w, https:\/\/www.reves-online.de\/cms\/wordpress\/wp-content\/uploads\/2015\/09\/zeit01-150x77.png 150w, https:\/\/www.reves-online.de\/cms\/wordpress\/wp-content\/uploads\/2015\/09\/zeit01-200x102.png 200w, https:\/\/www.reves-online.de\/cms\/wordpress\/wp-content\/uploads\/2015\/09\/zeit01-450x230.png 450w, https:\/\/www.reves-online.de\/cms\/wordpress\/wp-content\/uploads\/2015\/09\/zeit01-600x307.png 600w, https:\/\/www.reves-online.de\/cms\/wordpress\/wp-content\/uploads\/2015\/09\/zeit01.png 645w\" sizes=\"auto, (max-width: 300px) 100vw, 300px\" \/><\/a><\/p>\n<p>Neben der sehr schnellen Ergebnisverteilung kann man auch von einer fehlerfreien Weiterverarbeitung der Daten ausgehen. ReVeS-Time wird bereits seit einigen Jahren bei vielen Regatten in ganz Deutschland eingesetzt.<\/p>\n<p>Viele Zeitnehmer kennen mittlerweile das Programm und sch\u00e4tzen die einfache und anwenderfreundliche Bedienung. Dadurch gibt es keine Probleme beim Besetzen der Zeitnahme mit Kampfrichtern. Der Start kann durch Schallwandler, Taster oder mit einem Startsignal erfolgen. Die Hardware (Modems) erlaubt eine gr\u00f6\u00dfere Distanz zwischen Zeitnahme- und Verwaltungsrechner und erm\u00f6glicht den Anschluss der verschiedenen Taster und Schallwandler an die Rechner. Es k\u00f6nnen vorhandene Schallwandler, z.B. Omega mit \u00f6ffnenden oder schlie\u00dfenden Kontakten angeschlossen werden.<\/p>\n<p><a href=\"http:\/\/www.reves-daten.de.preview02.vtserver.de\/cms\/wordpress\/wp-content\/uploads\/2015\/09\/VerwaltungErgebnis01.png\" rel=\"attachment wp-att-252\"><img loading=\"lazy\" decoding=\"async\" class=\"size-medium wp-image-252 alignleft\" src=\"http:\/\/www.reves-daten.de.preview02.vtserver.de\/cms\/wordpress\/wp-content\/uploads\/2015\/09\/VerwaltungErgebnis01-300x233.png\" alt=\"VerwaltungErgebnis01\" width=\"300\" height=\"233\" srcset=\"https:\/\/www.reves-online.de\/cms\/wordpress\/wp-content\/uploads\/2015\/09\/VerwaltungErgebnis01-300x233.png 300w, https:\/\/www.reves-online.de\/cms\/wordpress\/wp-content\/uploads\/2015\/09\/VerwaltungErgebnis01-100x78.png 100w, https:\/\/www.reves-online.de\/cms\/wordpress\/wp-content\/uploads\/2015\/09\/VerwaltungErgebnis01-150x116.png 150w, https:\/\/www.reves-online.de\/cms\/wordpress\/wp-content\/uploads\/2015\/09\/VerwaltungErgebnis01-200x155.png 200w, https:\/\/www.reves-online.de\/cms\/wordpress\/wp-content\/uploads\/2015\/09\/VerwaltungErgebnis01-450x349.png 450w, https:\/\/www.reves-online.de\/cms\/wordpress\/wp-content\/uploads\/2015\/09\/VerwaltungErgebnis01-600x465.png 600w, https:\/\/www.reves-online.de\/cms\/wordpress\/wp-content\/uploads\/2015\/09\/VerwaltungErgebnis01.png 738w\" sizes=\"auto, (max-width: 300px) 100vw, 300px\" \/><\/a>Sollte auf der Regattabahn keine Start-Ziel-Verbindung vorhanden sein, kann hier die eigens f\u00fcr die Zeitnahme entwickelte Funk\u00fcbertragung eingesetzt werden. Einfachst zu bedienen, robust und sicher im Einsatz, hat sich auch dieses System in den letzten Jahren bestens bewert. Auch Langstreckenstarts \u00fcber 2000 Meter sind kein Problem<\/p>\n<p>Die Software bringt die eigentliche Zeitnahme und Zuordnung der Zeiten zu den Rennen sowie die Verteilung der Daten auf die verschiedenen Ausgabeger\u00e4te.<\/p>\n<p>In der Saison 1997 wurde erstmals ein elektronisches Startsignal eingesetzt. Die Pistole wird dabei durch Elektronik ersetzt. Die Resonanz bei den Sportlern ist eindeutig positiv. Begeistert zeigen sich auch die Starter. Wesentlich ruhigere Startphase und kein Knallsymdrom im Starterohr nach der Regatta sind die wesentlichsten Punkte. Und so ganz nebenbei bekommt die Zeitmessung jeden Startimpuls fehlerfrei.<a href=\"http:\/\/www.reves-daten.de.preview02.vtserver.de\/cms\/wordpress\/wp-content\/uploads\/2015\/09\/\u00dcbersicht01.gif\" rel=\"attachment wp-att-266\"><img loading=\"lazy\" decoding=\"async\" class=\" wp-image-266 alignright\" src=\"http:\/\/www.reves-daten.de.preview02.vtserver.de\/cms\/wordpress\/wp-content\/uploads\/2015\/09\/\u00dcbersicht01-300x225.gif\" alt=\"\u00dcbersicht01\" width=\"268\" height=\"201\" srcset=\"https:\/\/www.reves-online.de\/cms\/wordpress\/wp-content\/uploads\/2015\/09\/\u00dcbersicht01-300x225.gif 300w, https:\/\/www.reves-online.de\/cms\/wordpress\/wp-content\/uploads\/2015\/09\/\u00dcbersicht01-100x75.gif 100w, https:\/\/www.reves-online.de\/cms\/wordpress\/wp-content\/uploads\/2015\/09\/\u00dcbersicht01-150x113.gif 150w, https:\/\/www.reves-online.de\/cms\/wordpress\/wp-content\/uploads\/2015\/09\/\u00dcbersicht01-200x150.gif 200w\" sizes=\"auto, (max-width: 268px) 100vw, 268px\" \/><\/a><\/p>\n<p>Die Zeitnahme ist auch kompatibel mit verschiedenen anderen Zeitme\u00dfsystemen wie z.B. MacFinnish, Omega Hawk-Eye oder Sportronic. Auch die Ansteuerung von gro\u00dfformatigen Anzeigesystemen ist m\u00f6glich<\/p>\n","protected":false},"excerpt":{"rendered":"<p>ReVeS-Time schafft die Verbindung zwischen verschiedenen Systemen und verteilt die Regattadaten blitzschnell. Erg\u00e4nzend zum ReVeS-RegattaVerwaltungsProgramm gibt es die ReVeS-Zeitnahme. Beide Programme sind aufeinander abgestimmt und erg\u00e4nzen sich. ReVeS-Time kann 20 Rennen mit je 99 Teilnehmern gleichzeitig verarbeiten (wichtig bei Langstreckenrennen). &hellip;<\/p>\n<p class=\"read-more\"> <a class=\"more-link\" href=\"https:\/\/www.reves-online.de\/cms\/wordpress\/die-zeitnahme\/\"> <span class=\"screen-reader-text\">Zeitnahme<\/span> Weiterlesen &raquo;<\/a><\/p>\n","protected":false},"author":1,"featured_media":0,"parent":0,"menu_order":0,"comment_status":"closed","ping_status":"closed","template":"full-width-page.php","meta":{"_crdt_document":"","footnotes":""},"class_list":["post-20","page","type-page","status-publish","hentry"],"_links":{"self":[{"href":"https:\/\/www.reves-online.de\/cms\/wordpress\/wp-json\/wp\/v2\/pages\/20","targetHints":{"allow":["GET"]}}],"collection":[{"href":"https:\/\/www.reves-online.de\/cms\/wordpress\/wp-json\/wp\/v2\/pages"}],"about":[{"href":"https:\/\/www.reves-online.de\/cms\/wordpress\/wp-json\/wp\/v2\/types\/page"}],"author":[{"embeddable":true,"href":"https:\/\/www.reves-online.de\/cms\/wordpress\/wp-json\/wp\/v2\/users\/1"}],"replies":[{"embeddable":true,"href":"https:\/\/www.reves-online.de\/cms\/wordpress\/wp-json\/wp\/v2\/comments?post=20"}],"version-history":[{"count":5,"href":"https:\/\/www.reves-online.de\/cms\/wordpress\/wp-json\/wp\/v2\/pages\/20\/revisions"}],"predecessor-version":[{"id":267,"href":"https:\/\/www.reves-online.de\/cms\/wordpress\/wp-json\/wp\/v2\/pages\/20\/revisions\/267"}],"wp:attachment":[{"href":"https:\/\/www.reves-online.de\/cms\/wordpress\/wp-json\/wp\/v2\/media?parent=20"}],"curies":[{"name":"wp","href":"https:\/\/api.w.org\/{rel}","templated":true}]}}